Let r = -120 + -115. Let m = r - -466. Suppose 3*p = p - 5*c + 27, -3*p + 69 = -2*c. What is the highest common divisor of p and m?
21
Suppose -4*i - 78 = -2*o, -11 = -i - 10. Calculate the greatest common divisor of o and 41.
41
Suppose 0 = -5*g + 6*g - 4. Suppose g*v + c = 78, -7*c + 2*c = -5*v + 85. Suppose -v - 167 = -6*d. What is the greatest common divisor of d and 124?
31
Let d be (1 - (-5 - -1)) + (361 - -11). Let u = d - 321. Suppose 0 = 2*x - 6*x + 28. Calculate the greatest common factor of u and x.
7
Suppose -3*i + 2*r = -116, -3*i + 65 + 56 = -r. Calculate the greatest common divisor of i and 7014.
42
Suppose 5*l = -2*l + 546. Suppose l = 14*k - 8*k. Suppose 5*o - k*o = -312. What is the greatest common divisor of 273 and o?
39
Let i be (-134)/(-8)*22 - (-68)/(-136). What is the highest common factor of i and 414?
46
Let h be 34/10 + (-4293)/(-405). Calculate the highest common factor of h and 72.
2
Let u(y) = y + 9. Let s be u(-5). Let i = s - -10. Suppose n + 7 = -5*w, -n + 2*w + i = -0*w. Calculate the highest common divisor of 8 and n.
8
Let v = 150 - 144. Suppose -v*i - 190 = -7*i. What is the greatest common divisor of i and 19?
19
Suppose -12 = -3*j + 5*a + 32, 5*j - 100 = 3*a. Let p = -669 - -670. Calculate the highest common divisor of j and p.
1
Let g be (-36)/12 - (-65 + -6). Let z = 1262 - 582. What is the highest common divisor of z and g?
68
Let d = 20 + -42. Let z = d - -24. Suppose -m + 324 = z*m. Calculate the greatest common divisor of 12 and m.
12
Let a = 3171 - 3145. Calculate the highest common factor of 546 and a.
26
Let s be -14 - -10 - (-7 + 2). Suppose 2*q + r - 11 = 0, 2*q - 15*r + s = -12*r. Calculate the greatest common factor of 36 and q.
4
Let t = -443 - -1043. Suppose -26*y = -6*y - t. What is the highest common factor of 6 and y?
6
Let d(c) = 84*c**3 + 3*c**2 - 4*c + 5. Let x be d(3). Suppose -148*g + x = -137*g. What is the highest common factor of 156 and g?
52
Suppose 0 = 9*m - 11*m + 50. Let s be 486/(-15)*m/(-10). Suppose 0*p - 5*p + 45 = 0. What is the highest common factor of s and p?
9
Let t(n) = -n**2 + 15*n - 51. Let h be t(10). Let u be (-3*1551)/(-11) - (h - -4). What is the greatest common divisor of u and 60?
60
Let c(i) = 39*i**2 - 105*i - 907. Let n be c(-21). Calculate the greatest common factor of 1047 and n.
349
Suppose 5*y + 83 - 98 = 0, a + 4*y = 27. Let l(h) = -3*h - 6. Let b be ((-20)/(-15))/(2/(-6)). Let s be l(b). Calculate the greatest common factor of s and a.
3
Suppose f = -0*f + 7. Let h = -1206 - -1346. Suppose -11*y + h = -f*y. Calculate the highest common factor of y and 10.
5
Let r(o) = 3*o**3 + 2*o**2 - 6. Let n be r(3). Suppose -14*w = -n - 75. Calculate the highest common divisor of 24 and w.
12
Let f(b) = -6*b - 14. Let y be f(-8). Suppose 14*w = -5*j + 1373, j - 181 - 60 = 2*w. What is the greatest common factor of j and y?
17
Let n be (-101)/(-5) - (-6)/(-5). Suppose 0 = -n*d + 330 + 468. What is the highest common factor of 462 and d?
42
Let n be 1/((-16)/(-12)) + 1581/4. What is the greatest common divisor of 2178 and n?
198
Suppose -7420*c = -7508*c + 42328. Calculate the highest common factor of 37 and c.
37
Let a(v) = -11*v + 121. Let o be a(-137). Calculate the greatest common divisor of o and 1332.
148
Suppose -2*x = y + 151, -15 = -y + 4*y. Suppose 1331 - 694 = -7*z. Let d = x - z. Calculate the greatest common divisor of 144 and d.
18
Let m(x) = 161*x + 42. Let u be m(4). Suppose u = 10*g - 644. Calculate the greatest common divisor of g and 38.
19
Let v be 4 + -9 + 1 + 256 + -12. What is the highest common factor of v and 60?
60
Let n be -2*(-1)/4 + 58/4. Let g be (5*1)/((-55)/(-66)). Let h be 80/n - (-4)/g. What is the greatest common divisor of 27 and h?
3
Suppose -3*x - 1 = 2*l - 3, -17 = -3*x + l. Let d be ((-2)/x)/((-10)/220). Calculate the greatest common divisor of 1 and d.
1
Let m(g) = 2*g**3 - 174*g**2 + 180*g + 212. Let a be m(86). Calculate the greatest common factor of a and 320.
20
Let a(s) = -13*s + 6. Let b be a(-6). Let w(q) = q**2 + 239*q - 1871. Let j be w(8). Calculate the highest common factor of j and b.
21
Let c be 90/35 + 4/(-7). Suppose -6*u = -2*k - 8*u + 1616, 5*k = c*u + 4054. What is the greatest common factor of 10 and k?
10
Let y(a) = 76*a - 102. Let z be y(14). What is the greatest common divisor of z and 78?
26
Let h = 32 + -25. Let x(d) = -d**3 + 6*d**2 + 7*d + 3. Let i be x(h). Let b be (66/10 + i)*(0 - -5). What is the highest common divisor of 16 and b?
16
Let z be 0/((-2)/(3 - 2)). Suppose z = -4*u - 16 + 72. Let t(i) = 2*i**2 - 262*i + 1044. Let m be t(4). Calculate the highest common factor of u and m.
14
Let f(g) = 10*g + 41. Let m = 3 + 9. Let j be f(m). Calculate the highest common divisor of 46 and j.
23
Let u be (-12)/9*(-7)/((-42)/(-1080)). What is the highest common divisor of 32 and u?
16
Suppose 208*q = 207*q - 2*f + 17566, 4*f - 12 = 0. What is the highest common factor of q and 40?
40
Suppose l - 3*w + 4 = 0, -2*l - 4*w + 7 = -3*l. Let o = 15 - l. Let z be (-4)/10 + 24/o. Calculate the highest common factor of z and 1.
1
Suppose 5*g - 4*v = -778, -v = -2*g + 3*v - 316. Let u be (2 + -1)/((-7)/g). Let f be ((-10)/(-4))/(1/22). Calculate the greatest common divisor of u and f.
11
Let d = -1275 - -9218. What is the greatest common factor of d and 169?
169
Let s(t) = -2515*t + 15189. Let f be s(6). Let d be -24*(-1 - (-2)/8). What is the highest common factor of d and f?
9
Suppose -8*m + 13*p = 10*p - 20203, 2*m + 2*p - 5048 = 0. Calculate the highest common divisor of m and 25.
25
Let m(v) = -v. Let w be m(-9). Let o be (-128)/(-6)*756/112. What is the highest common divisor of w and o?
9
Suppose -2*n = -0*m + 3*m - 11, 3*n = m + 11. Let k = 115 - 61. Suppose n*v + k = 7*v. Calculate the highest common factor of 18 and v.
18
Suppose l - 2*x - 1947 = 0, -13*l = -16*l + 2*x + 5821. What is the greatest common divisor of l and 26?
13
Let a = 1471 + -1289. Suppose -c - 15 = -6*c. Suppose -4*p = o - 103, -c*o = -2*p + 21 + 34. Calculate the greatest common divisor of a and p.
26
Let r(u) = -u - 5. Let h be (5 - 6) + -6 + -2. Let x be r(h). Calculate the greatest common divisor of 12 and x.
4
Let h = -5 + 11. Let g be (880/4 - 6) + (40 - 32). What is the highest common divisor of g and h?
6
Let q be (-2)/3*1/3 - 6860/(-90). Calculate the highest common divisor of 627 and q.
19
Let w(z) = -z**3 - 20*z**2 + 3*z + 96. Let o be w(-20). Let i(v) = -2*v**3 - 4*v**2 + 4*v + 12. Let f be i(-2). What is the highest common divisor of f and o?
4
Let u be (0 - (-8358)/8)*(-1228)/(-921). What is the highest common divisor of 7 and u?
7
Let w be ((-36)/108)/(3/(-855)). What is the highest common divisor of 270 and w?
5
Let p be 9 + 8 + 2 + -17. Suppose w = -x + 227, 0 = 3*w - p*w + 2*x - 222. Calculate the greatest common factor of w and 174.
58
Suppose x + 13 = -3*w, -50*x - 5*w = -47*x + 19. What is the greatest common divisor of 101 and x?
1
Let x = 8 - 0. Let p be 21/28 - (-834)/x. Suppose -p*y = -109*y + 1232. Calculate the highest common factor of 44 and y.
44
Let p be (-4)/(-24) - (-2555)/(-30). Let k = p - -98. What is the greatest common factor of k and 39?
13
Let c(h) = -8*h + 13. Suppose 7*a + 2*a - 3*a = 0. Let d be c(a). Suppose d*w - 191 = 368. What is the greatest common factor of 344 and w?
43
Let a = -675 + 709. Calculate the greatest common factor of 50694 and a.
34
Let p be (4 - 4) + 1 + 1. Suppose -5*m + 23 = c - 358, -p*m + 1169 = 3*c. What is the highest common factor of 17 and c?
17
Let m(i) = 13*i + 774. Let s be m(-57). Calculate the greatest common factor of 9 and s.
3
Let r(x) = x**3 - 31*x**2 - 306*x - 64. Let g be r(39). What is the greatest common divisor of g and 190?
10
Suppose -5*i = 3*m + 115 + 428, 3*i = -4*m - 328. Let d be (-8)/((-3)/i*6/(-4)). Calculate the greatest common factor of 120 and d.
24
Suppose -4*y - 1157 = -229. Let c = 150 + y. Let o = -57 - c. What is the highest common factor of o and 75?
25
Suppose -109*f + 104*f - l = -1575, -l - 1269 = -4*f. Calculate the greatest common divisor of 1501 and f.
79
Let s = -293 + 320. Suppose -8*d - s + 115 = 0. Let a = 24 + -13. What is the greatest common factor of a and d?
11
Let q = -4575 - -5400. What is the greatest common divi